{"id":2,"date":"2017-11-03T22:53:05","date_gmt":"2017-11-04T04:53:05","guid":{"rendered":"http:\/\/capex.or.cr\/inicio\/?page_id=2"},"modified":"2020-09-02T10:52:50","modified_gmt":"2020-09-02T16:52:50","slug":"pagina-ejemplo","status":"publish","type":"page","link":"https:\/\/capex.or.cr\/inicio\/","title":{"rendered":"Inicio"},"content":{"rendered":"<p><!--[R-slider id=\"2\"]--> \n<div id=\"rev_slider_1_1_wrapper\" class=\"rev_slider_wrapper fullwidthbanner-container\" style=\"margin:0px auto;background-color:transparent;padding:0px;margin-top:0px;margin-bottom:0px;\">\n<!-- START REVOLUTION SLIDER 5.0.9 fullwidth mode -->\n\t<div id=\"rev_slider_1_1\" class=\"rev_slider fullwidthabanner\" style=\"display:none;\" data-version=\"5.0.9\">\n<ul>\t<!-- SLIDE  -->\n\t<li data-index=\"rs-7\" data-transition=\"fade\" data-slotamount=\"default\"  data-easein=\"default\" data-easeout=\"default\" data-masterspeed=\"650\"  data-thumb=\"http:\/\/veepixel.com\/demo\/capitalx\/wp-content\/\"  data-rotate=\"0\"  data-saveperformance=\"off\"  data-title=\"Slide\" data-description=\"\">\n\t\t<!-- MAIN IMAGE -->\n\t\t<img src=\"https:\/\/capex.or.cr\/inicio\/wp-content\/plugins\/revslider\/admin\/assets\/images\/transparent.png\"  alt=\"\"  data-bgposition=\"center center\" data-bgfit=\"cover\" data-bgrepeat=\"no-repeat\" class=\"rev-slidebg\" data-no-retina>\n\t\t<!-- LAYERS -->\n\n\t\t<!-- LAYER NR. 1 -->\n\t\t<div class=\"tp-caption   tp-resizeme\" \n\t\t\t id=\"slide-7-layer-8\" \n\t\t\t data-x=\"-128\" \n\t\t\t data-y=\"\" \n\t\t\t\t\t\tdata-width=\"['none','none','none','none']\"\n\t\t\tdata-height=\"['none','none','none','none']\"\n\t\t\tdata-transform_idle=\"o:1;\"\n \n\t\t\t data-transform_in=\"opacity:0;s:600;e:Power2.easeInOut;\" \n\t\t\t data-transform_out=\"opacity:0;s:600;s:600;\" \n\t\t\tdata-start=\"500\" \n\t\t\tdata-responsive_offset=\"on\" \n\n\t\t\t\n\t\t\tstyle=\"z-index: 5;\"><img src=\"https:\/\/capex.or.cr\/inicio\/wp-content\/uploads\/2018\/01\/banner-1.jpg\" alt=\"\" data-ww=\"1499px\" data-hh=\"650px\" data-no-retina> \n\t\t<\/div>\n\n\t\t<!-- LAYER NR. 2 -->\n\t\t<div class=\"tp-caption Fashion-BigDisplay   tp-resizeme\" \n\t\t\t id=\"slide-7-layer-1\" \n\t\t\t data-x=\"center\" data-hoffset=\"214\" \n\t\t\t data-y=\"140\" \n\t\t\t\t\t\tdata-width=\"['606']\"\n\t\t\tdata-height=\"['72']\"\n\t\t\tdata-transform_idle=\"o:1;\"\n \n\t\t\t data-transform_in=\"opacity:0;s:300;e:Power2.easeInOut;\" \n\t\t\t data-transform_out=\"opacity:0;s:300;s:300;\" \n\t\t\tdata-start=\"500\" \n\t\t\tdata-splitin=\"none\" \n\t\t\tdata-splitout=\"none\" \n\t\t\tdata-responsive_offset=\"on\" \n\n\t\t\t\n\t\t\tstyle=\"z-index: 6; min-width: 606px; max-width: 606px; max-width: 72px; max-width: 72px; white-space: normal; font-size: 70px;\"> <div class=\"c-color_box\">\n              <h1>C\u00e1mara de Publicidad Exterior<\/h1>\n            <\/div> \n\t\t<\/div>\n\n\t\t<!-- LAYER NR. 3 -->\n\t\t<div class=\"tp-caption   tp-resizeme\" \n\t\t\t id=\"slide-7-layer-2\" \n\t\t\t data-x=\"center\" data-hoffset=\"65\" \n\t\t\t data-y=\"234\" \n\t\t\t\t\t\tdata-width=\"['595']\"\n\t\t\tdata-height=\"['auto']\"\n\t\t\tdata-transform_idle=\"o:1;\"\n \n\t\t\t data-transform_in=\"opacity:0;s:300;e:Power2.easeInOut;\" \n\t\t\t data-transform_out=\"opacity:0;s:300;s:300;\" \n\t\t\tdata-start=\"500\" \n\t\t\tdata-splitin=\"none\" \n\t\t\tdata-splitout=\"none\" \n\t\t\tdata-responsive_offset=\"on\" \n\n\t\t\t\n\t\t\tstyle=\"z-index: 7; min-width: 595px; max-width: 595px; white-space: normal; font-size: 18px; line-height: 30px; font-weight: 100; color: rgba(255, 255, 255, 1.00);\"><div class=\"c-trans_box\">\n <p><\/p>\n<span>Solicitar Informaci\u00f3n de Afiliaci\u00f3n y Beneficios: <\/span> <a class=\"c-header_call\" href=\"tel:+1234557777\"><i class=\"fa fa-phone\"><\/i>+506-2297-5850<\/a>\n <\/div> \n\t\t<\/div>\n\t<\/li>\n\t<!-- SLIDE  -->\n\t<li data-index=\"rs-13\" data-transition=\"fade\" data-slotamount=\"default\"  data-easein=\"default\" data-easeout=\"default\" data-masterspeed=\"650\"  data-thumb=\"http:\/\/veepixel.com\/demo\/capitalx\/wp-content\/\"  data-rotate=\"0\"  data-saveperformance=\"off\"  data-title=\"Slide\" data-description=\"\">\n\t\t<!-- MAIN IMAGE -->\n\t\t<img src=\"https:\/\/capex.or.cr\/inicio\/wp-content\/plugins\/revslider\/admin\/assets\/images\/transparent.png\"  alt=\"\"  data-bgposition=\"center center\" data-bgfit=\"cover\" data-bgrepeat=\"no-repeat\" class=\"rev-slidebg\" data-no-retina>\n\t\t<!-- LAYERS -->\n\n\t\t<!-- LAYER NR. 1 -->\n\t\t<div class=\"tp-caption   tp-resizeme\" \n\t\t\t id=\"slide-13-layer-8\" \n\t\t\t data-x=\"-128\" \n\t\t\t data-y=\"\" \n\t\t\t\t\t\tdata-width=\"['none','none','none','none']\"\n\t\t\tdata-height=\"['none','none','none','none']\"\n\t\t\tdata-transform_idle=\"o:1;\"\n \n\t\t\t data-transform_in=\"opacity:0;s:600;e:Power2.easeInOut;\" \n\t\t\t data-transform_out=\"opacity:0;s:600;s:600;\" \n\t\t\tdata-start=\"500\" \n\t\t\tdata-responsive_offset=\"on\" \n\n\t\t\t\n\t\t\tstyle=\"z-index: 5;\"><img src=\"https:\/\/capex.or.cr\/inicio\/wp-content\/uploads\/2018\/01\/banner-2.jpg\" alt=\"\" data-ww=\"1499px\" data-hh=\"650px\" data-no-retina> \n\t\t<\/div>\n\n\t\t<!-- LAYER NR. 2 -->\n\t\t<div class=\"tp-caption Fashion-BigDisplay   tp-resizeme\" \n\t\t\t id=\"slide-13-layer-1\" \n\t\t\t data-x=\"center\" data-hoffset=\"214\" \n\t\t\t data-y=\"140\" \n\t\t\t\t\t\tdata-width=\"['606']\"\n\t\t\tdata-height=\"['72']\"\n\t\t\tdata-transform_idle=\"o:1;\"\n \n\t\t\t data-transform_in=\"opacity:0;s:300;e:Power2.easeInOut;\" \n\t\t\t data-transform_out=\"opacity:0;s:300;s:300;\" \n\t\t\tdata-start=\"500\" \n\t\t\tdata-splitin=\"none\" \n\t\t\tdata-splitout=\"none\" \n\t\t\tdata-responsive_offset=\"on\" \n\n\t\t\t\n\t\t\tstyle=\"z-index: 6; min-width: 606px; max-width: 606px; max-width: 72px; max-width: 72px; white-space: normal; font-size: 70px;\"> <div class=\"c-color_box\">\n              <h1>C\u00e1mara de Publicidad Exterior<\/h1>\n            <\/div> \n\t\t<\/div>\n\n\t\t<!-- LAYER NR. 3 -->\n\t\t<div class=\"tp-caption   tp-resizeme\" \n\t\t\t id=\"slide-13-layer-2\" \n\t\t\t data-x=\"center\" data-hoffset=\"65\" \n\t\t\t data-y=\"234\" \n\t\t\t\t\t\tdata-width=\"['595']\"\n\t\t\tdata-height=\"['72']\"\n\t\t\tdata-transform_idle=\"o:1;\"\n \n\t\t\t data-transform_in=\"opacity:0;s:300;e:Power2.easeInOut;\" \n\t\t\t data-transform_out=\"opacity:0;s:300;s:300;\" \n\t\t\tdata-start=\"500\" \n\t\t\tdata-splitin=\"none\" \n\t\t\tdata-splitout=\"none\" \n\t\t\tdata-responsive_offset=\"on\" \n\n\t\t\t\n\t\t\tstyle=\"z-index: 7; min-width: 595px; max-width: 595px; max-width: 72px; max-width: 72px; white-space: normal; font-size: 18px; line-height: 30px; font-weight: 100; color: rgba(255, 255, 255, 1.00);\"><div class=\"c-trans_box\">\n <p><\/p>\n<span>Solicitar Informaci\u00f3n de Afiliaci\u00f3n y Beneficios: <\/span> <a class=\"c-header_call\" href=\"tel:+1234557777\"><i class=\"fa fa-phone\"><\/i>+506-2297-5850<\/a>\n <\/div> \n\t\t<\/div>\n\t<\/li>\n\t<!-- SLIDE  -->\n\t<li data-index=\"rs-14\" data-transition=\"fade\" data-slotamount=\"default\"  data-easein=\"default\" data-easeout=\"default\" data-masterspeed=\"650\"  data-thumb=\"http:\/\/veepixel.com\/demo\/capitalx\/wp-content\/\"  data-rotate=\"0\"  data-saveperformance=\"off\"  data-title=\"Slide\" data-description=\"\">\n\t\t<!-- MAIN IMAGE -->\n\t\t<img src=\"https:\/\/capex.or.cr\/inicio\/wp-content\/plugins\/revslider\/admin\/assets\/images\/transparent.png\"  alt=\"\"  data-bgposition=\"center center\" data-bgfit=\"cover\" data-bgrepeat=\"no-repeat\" class=\"rev-slidebg\" data-no-retina>\n\t\t<!-- LAYERS -->\n\n\t\t<!-- LAYER NR. 1 -->\n\t\t<div class=\"tp-caption   tp-resizeme\" \n\t\t\t id=\"slide-14-layer-8\" \n\t\t\t data-x=\"-128\" \n\t\t\t data-y=\"\" \n\t\t\t\t\t\tdata-width=\"['none','none','none','none']\"\n\t\t\tdata-height=\"['none','none','none','none']\"\n\t\t\tdata-transform_idle=\"o:1;\"\n \n\t\t\t data-transform_in=\"opacity:0;s:600;e:Power2.easeInOut;\" \n\t\t\t data-transform_out=\"opacity:0;s:600;s:600;\" \n\t\t\tdata-start=\"500\" \n\t\t\tdata-responsive_offset=\"on\" \n\n\t\t\t\n\t\t\tstyle=\"z-index: 5;\"><img src=\"https:\/\/capex.or.cr\/inicio\/wp-content\/uploads\/2018\/01\/banner-3.jpg\" alt=\"\" data-ww=\"1499px\" data-hh=\"650px\" data-no-retina> \n\t\t<\/div>\n\n\t\t<!-- LAYER NR. 2 -->\n\t\t<div class=\"tp-caption Fashion-BigDisplay   tp-resizeme\" \n\t\t\t id=\"slide-14-layer-1\" \n\t\t\t data-x=\"center\" data-hoffset=\"214\" \n\t\t\t data-y=\"140\" \n\t\t\t\t\t\tdata-width=\"['606']\"\n\t\t\tdata-height=\"['72']\"\n\t\t\tdata-transform_idle=\"o:1;\"\n \n\t\t\t data-transform_in=\"opacity:0;s:300;e:Power2.easeInOut;\" \n\t\t\t data-transform_out=\"opacity:0;s:300;s:300;\" \n\t\t\tdata-start=\"500\" \n\t\t\tdata-splitin=\"none\" \n\t\t\tdata-splitout=\"none\" \n\t\t\tdata-responsive_offset=\"on\" \n\n\t\t\t\n\t\t\tstyle=\"z-index: 6; min-width: 606px; max-width: 606px; max-width: 72px; max-width: 72px; white-space: normal; font-size: 70px;\"> <div class=\"c-color_box\">\n              <h1>C\u00e1mara de Publicidad Exterior<\/h1>\n            <\/div> \n\t\t<\/div>\n\n\t\t<!-- LAYER NR. 3 -->\n\t\t<div class=\"tp-caption   tp-resizeme\" \n\t\t\t id=\"slide-14-layer-2\" \n\t\t\t data-x=\"center\" data-hoffset=\"65\" \n\t\t\t data-y=\"234\" \n\t\t\t\t\t\tdata-width=\"['595']\"\n\t\t\tdata-height=\"['72']\"\n\t\t\tdata-transform_idle=\"o:1;\"\n \n\t\t\t data-transform_in=\"opacity:0;s:300;e:Power2.easeInOut;\" \n\t\t\t data-transform_out=\"opacity:0;s:300;s:300;\" \n\t\t\tdata-start=\"500\" \n\t\t\tdata-splitin=\"none\" \n\t\t\tdata-splitout=\"none\" \n\t\t\tdata-responsive_offset=\"on\" \n\n\t\t\t\n\t\t\tstyle=\"z-index: 7; min-width: 595px; max-width: 595px; max-width: 72px; max-width: 72px; white-space: normal; font-size: 18px; line-height: 30px; font-weight: 100; color: rgba(255, 255, 255, 1.00);\"><div class=\"c-trans_box\">\n <p><\/p>\n<span>Solicitar Informaci\u00f3n de Afiliaci\u00f3n y Beneficios: <\/span> <a class=\"c-header_call\" href=\"tel:+1234557777\"><i class=\"fa fa-phone\"><\/i>+506-2297-5850<\/a>\n <\/div> \n\t\t<\/div>\n\t<\/li>\n\t<!-- SLIDE  -->\n\t<li data-index=\"rs-15\" data-transition=\"fade\" data-slotamount=\"default\"  data-easein=\"default\" data-easeout=\"default\" data-masterspeed=\"650\"  data-thumb=\"http:\/\/veepixel.com\/demo\/capitalx\/wp-content\/\"  data-rotate=\"0\"  data-saveperformance=\"off\"  data-title=\"Slide\" data-description=\"\">\n\t\t<!-- MAIN IMAGE -->\n\t\t<img src=\"https:\/\/capex.or.cr\/inicio\/wp-content\/plugins\/revslider\/admin\/assets\/images\/transparent.png\"  alt=\"\"  data-bgposition=\"center center\" data-bgfit=\"cover\" data-bgrepeat=\"no-repeat\" class=\"rev-slidebg\" data-no-retina>\n\t\t<!-- LAYERS -->\n\n\t\t<!-- LAYER NR. 1 -->\n\t\t<div class=\"tp-caption   tp-resizeme\" \n\t\t\t id=\"slide-15-layer-8\" \n\t\t\t data-x=\"-128\" \n\t\t\t data-y=\"\" \n\t\t\t\t\t\tdata-width=\"['none','none','none','none']\"\n\t\t\tdata-height=\"['none','none','none','none']\"\n\t\t\tdata-transform_idle=\"o:1;\"\n \n\t\t\t data-transform_in=\"opacity:0;s:600;e:Power2.easeInOut;\" \n\t\t\t data-transform_out=\"opacity:0;s:600;s:600;\" \n\t\t\tdata-start=\"500\" \n\t\t\tdata-responsive_offset=\"on\" \n\n\t\t\t\n\t\t\tstyle=\"z-index: 5;\"><img src=\"https:\/\/capex.or.cr\/inicio\/wp-content\/uploads\/2018\/01\/banner-4.jpg\" alt=\"\" data-ww=\"1499px\" data-hh=\"650px\" data-no-retina> \n\t\t<\/div>\n\n\t\t<!-- LAYER NR. 2 -->\n\t\t<div class=\"tp-caption Fashion-BigDisplay   tp-resizeme\" \n\t\t\t id=\"slide-15-layer-1\" \n\t\t\t data-x=\"center\" data-hoffset=\"214\" \n\t\t\t data-y=\"140\" \n\t\t\t\t\t\tdata-width=\"['606']\"\n\t\t\tdata-height=\"['72']\"\n\t\t\tdata-transform_idle=\"o:1;\"\n \n\t\t\t data-transform_in=\"opacity:0;s:300;e:Power2.easeInOut;\" \n\t\t\t data-transform_out=\"opacity:0;s:300;s:300;\" \n\t\t\tdata-start=\"500\" \n\t\t\tdata-splitin=\"none\" \n\t\t\tdata-splitout=\"none\" \n\t\t\tdata-responsive_offset=\"on\" \n\n\t\t\t\n\t\t\tstyle=\"z-index: 6; min-width: 606px; max-width: 606px; max-width: 72px; max-width: 72px; white-space: normal; font-size: 70px;\"> <div class=\"c-color_box\">\n              <h1>C\u00e1mara de Publicidad Exterior<\/h1>\n            <\/div> \n\t\t<\/div>\n\n\t\t<!-- LAYER NR. 3 -->\n\t\t<div class=\"tp-caption   tp-resizeme\" \n\t\t\t id=\"slide-15-layer-2\" \n\t\t\t data-x=\"center\" data-hoffset=\"65\" \n\t\t\t data-y=\"234\" \n\t\t\t\t\t\tdata-width=\"['595']\"\n\t\t\tdata-height=\"['72']\"\n\t\t\tdata-transform_idle=\"o:1;\"\n \n\t\t\t data-transform_in=\"opacity:0;s:300;e:Power2.easeInOut;\" \n\t\t\t data-transform_out=\"opacity:0;s:300;s:300;\" \n\t\t\tdata-start=\"500\" \n\t\t\tdata-splitin=\"none\" \n\t\t\tdata-splitout=\"none\" \n\t\t\tdata-responsive_offset=\"on\" \n\n\t\t\t\n\t\t\tstyle=\"z-index: 7; min-width: 595px; max-width: 595px; max-width: 72px; max-width: 72px; white-space: normal; font-size: 18px; line-height: 30px; font-weight: 100; color: rgba(255, 255, 255, 1.00);\"><div class=\"c-trans_box\">\n <p><\/p>\n<span>Solicitar Informaci\u00f3n de Afiliaci\u00f3n y Beneficios: <\/span> <a class=\"c-header_call\" href=\"tel:+1234557777\"><i class=\"fa fa-phone\"><\/i>+506-2297-5850<\/a>\n <\/div> \n\t\t<\/div>\n\t<\/li>\n<\/ul>\n<div class=\"tp-static-layers\">\n<\/div>\n<div class=\"tp-bannertimer tp-bottom\" style=\"visibility: hidden !important;\"><\/div>\t<\/div>\n<script>var htmlDiv = document.getElementById(\"rs-plugin-settings-inline-css\"); var htmlDivCss=\".tp-caption.Fashion-BigDisplay,.Fashion-BigDisplay{color:rgba(0,0,0,1.00);font-size:60px;line-height:60px;font-weight:900;font-style:normal;font-family:Raleway;padding:0px 0px 0px 0px;text-decoration:none;background-color:transparent;border-color:transparent;border-style:none;border-width:0px;border-radius:0px 0px 0px 0px;letter-spacing:2px}\";\r\n\t\t\t\tif(htmlDiv) {\r\n\t\t\t\t\thtmlDiv.innerHTML = htmlDiv.innerHTML + htmlDivCss;\r\n\t\t\t\t}\r\n\t\t\t\telse{\r\n\t\t\t\t\tvar htmlDiv = document.createElement(\"div\");\r\n\t\t\t\t\thtmlDiv.innerHTML = \"<style>\" + htmlDivCss + \"<\/style>\";\r\n\t\t\t\t\tdocument.getElementsByTagName(\"head\")[0].appendChild(htmlDiv.childNodes[0]);\r\n\t\t\t\t}\r\n\t\t\t<\/script>\n\t\t<script type=\"text\/javascript\">\r\n\t\t\t\t\t\t\/******************************************\r\n\t\t\t\t-\tPREPARE PLACEHOLDER FOR SLIDER\t-\r\n\t\t\t******************************************\/\r\n\r\n\t\t\tvar setREVStartSize=function(){\r\n\t\t\t\ttry{var e=new Object,i=jQuery(window).width(),t=9999,r=0,n=0,l=0,f=0,s=0,h=0;\r\n\t\t\t\t\te.c = jQuery('#rev_slider_1_1');\r\n\t\t\t\t\te.gridwidth = [1240];\r\n\t\t\t\t\te.gridheight = [650];\r\n\t\t\t\t\t\t\t\r\n\t\t\t\t\te.sliderLayout = \"fullwidth\";\r\n\t\t\t\t\tif(e.responsiveLevels&&(jQuery.each(e.responsiveLevels,function(e,f){f>i&&(t=r=f,l=e),i>f&&f>r&&(r=f,n=e)}),t>r&&(l=n)),f=e.gridheight[l]||e.gridheight[0]||e.gridheight,s=e.gridwidth[l]||e.gridwidth[0]||e.gridwidth,h=i\/s,h=h>1?1:h,f=Math.round(h*f),\"fullscreen\"==e.sliderLayout){var u=(e.c.width(),jQuery(window).height());if(void 0!=e.fullScreenOffsetContainer){var c=e.fullScreenOffsetContainer.split(\",\");if (c) jQuery.each(c,function(e,i){u=jQuery(i).length>0?u-jQuery(i).outerHeight(!0):u}),e.fullScreenOffset.split(\"%\").length>1&&void 0!=e.fullScreenOffset&&e.fullScreenOffset.length>0?u-=jQuery(window).height()*parseInt(e.fullScreenOffset,0)\/100:void 0!=e.fullScreenOffset&&e.fullScreenOffset.length>0&&(u-=parseInt(e.fullScreenOffset,0))}f=u}else void 0!=e.minHeight&&f<e.minHeight&&(f=e.minHeight);e.c.closest(\".rev_slider_wrapper\").css({height:f})\r\n\t\t\t\t}catch(d){console.log(\"Failure at Presize of Slider:\"+d)}\r\n\t\t\t};\r\n\t\t\t\t\t\t\r\n\t\t\t\t\r\n\t\t\tsetREVStartSize();\r\n\t\t\tfunction revslider_showDoubleJqueryError(sliderID) {\r\n\t\t\t\t\tvar errorMessage = \"Revolution Slider Error: You have some jquery.js library include that comes after the revolution files js include.\";\r\n\t\t\t\t\terrorMessage += \"<br> This includes make eliminates the revolution slider libraries, and make it not work.\";\r\n\t\t\t\t\terrorMessage += \"<br><br> To fix it you can:<br>&nbsp;&nbsp;&nbsp; 1. In the Slider Settings -> Troubleshooting set option:  <strong><b>Put JS Includes To Body<\/b><\/strong> option to true.\";\r\n\t\t\t\t\terrorMessage += \"<br>&nbsp;&nbsp;&nbsp; 2. Find the double jquery.js include and remove it.\";\r\n\t\t\t\t\terrorMessage = \"<span style='font-size:16px;color:#BC0C06;'>\" + errorMessage + \"<\/span>\"\r\n\t\t\t\t\t\tjQuery(sliderID).show().html(errorMessage);\r\n\t\t\t\t}\r\n\t\t\t\t\t\tvar tpj=jQuery;\r\n\t\t\t\r\n\t\t\tvar revapi1;\r\n\t\t\ttpj(document).ready(function() {\n\t\t\t\tif(tpj(\"#rev_slider_1_1\").revolution == undefined){\n\t\t\t\t\trevslider_showDoubleJqueryError(\"#rev_slider_1_1\");\n\t\t\t\t}else{\n\t\t\t\t\trevapi1 = tpj(\"#rev_slider_1_1\").show().revolution({\n\t\t\t\t\t\tsliderType:\"standard\",\n\t\t\t\t\t\tjsFileLocation:\"https:\/\/capex.or.cr\/inicio\/wp-content\/plugins\/revslider\/public\/assets\/js\/\",\n\t\t\t\t\t\tsliderLayout:\"fullwidth\",\n\t\t\t\t\t\tdottedOverlay:\"none\",\n\t\t\t\t\t\tdelay:9000,\n\t\t\t\t\t\tnavigation: {\n\t\t\t\t\t\t\tkeyboardNavigation:\"off\",\n\t\t\t\t\t\t\tkeyboard_direction: \"horizontal\",\n\t\t\t\t\t\t\tmouseScrollNavigation:\"off\",\n\t\t\t\t\t\t\tonHoverStop:\"off\",\n\t\t\t\t\t\t\tarrows: {\n\t\t\t\t\t\t\t\tstyle:\"\",\n\t\t\t\t\t\t\t\tenable:true,\n\t\t\t\t\t\t\t\thide_onmobile:false,\n\t\t\t\t\t\t\t\thide_onleave:false,\n\t\t\t\t\t\t\t\ttmp:'',\n\t\t\t\t\t\t\t\tleft: {\n\t\t\t\t\t\t\t\t\th_align:\"left\",\n\t\t\t\t\t\t\t\t\tv_align:\"center\",\n\t\t\t\t\t\t\t\t\th_offset:20,\n\t\t\t\t\t\t\t\t\tv_offset:0\n\t\t\t\t\t\t\t\t},\n\t\t\t\t\t\t\t\tright: {\n\t\t\t\t\t\t\t\t\th_align:\"right\",\n\t\t\t\t\t\t\t\t\tv_align:\"center\",\n\t\t\t\t\t\t\t\t\th_offset:20,\n\t\t\t\t\t\t\t\t\tv_offset:0\n\t\t\t\t\t\t\t\t}\n\t\t\t\t\t\t\t}\n\t\t\t\t\t\t},\n\t\t\t\t\t\tgridwidth:1240,\n\t\t\t\t\t\tgridheight:650,\n\t\t\t\t\t\tlazyType:\"none\",\n\t\t\t\t\t\tshadow:0,\n\t\t\t\t\t\tspinner:\"spinner0\",\n\t\t\t\t\t\tstopLoop:\"off\",\n\t\t\t\t\t\tstopAfterLoops:-1,\n\t\t\t\t\t\tstopAtSlide:-1,\n\t\t\t\t\t\tshuffle:\"off\",\n\t\t\t\t\t\tautoHeight:\"off\",\n\t\t\t\t\t\tdisableProgressBar:\"on\",\n\t\t\t\t\t\thideThumbsOnMobile:\"off\",\n\t\t\t\t\t\thideSliderAtLimit:0,\n\t\t\t\t\t\thideCaptionAtLimit:0,\n\t\t\t\t\t\thideAllCaptionAtLilmit:0,\n\t\t\t\t\t\tdebugMode:false,\n\t\t\t\t\t\tfallbacks: {\n\t\t\t\t\t\t\tsimplifyAll:\"off\",\n\t\t\t\t\t\t\tnextSlideOnWindowFocus:\"off\",\n\t\t\t\t\t\t\tdisableFocusListener:false,\n\t\t\t\t\t\t}\n\t\t\t\t\t});\n\t\t\t\t}\n\t\t\t});\t\/*ready*\/\n\t\t<\/script>\r\n\t\t<\/div><!-- END REVOLUTION SLIDER --><\/p>\n<section id=\"c-newser\">\n<div class=\"c-sec_bg \">\n<div class=\"container\">\n<div class=\"row\">\n<div class=\"c-newser_thumbs clearfix\">\n<div class=\"c-single_newser_thumb\">\n<div>\n<h3>Nuestra Historia<\/h3>\n<ul style=\"font-size: 15px;\">\n<li>Capex naci\u00f3 en 1996.<\/li>\n<li>Dedicados a la publicidad exterior en Costa Rica.<\/li>\n<li>Promueve, desarrolla y protege los intereses de sus asociados y la imagen de la publicidad exterior.<\/li>\n<\/ul>\n<\/div>\n<\/div>\n<div class=\"c-single_newser_thumb\">\n<div>\n<h3>Servicios Ofrecidos<\/h3>\n<ul style=\"font-size: 15px;\">\n<li>Capacitaci\u00f3n.<\/li>\n<li>Alianzas.<\/li>\n<li>Asesor\u00eda.<\/li>\n<li><\/li>\n<\/ul>\n<\/div>\n<\/div>\n<div class=\"c-single_newser_thumb\">\n<div>\n<h3>Cont\u00e1ctenos<\/h3>\n<ul style=\"font-size: 15px;\">\n<li>Tel\u00e9fono: +506-2297-5850<\/li>\n<li>Email: info@capex.or.cr<\/li>\n<li>Apartado Postal: 11865-1000<\/li>\n<\/ul>\n<\/div>\n<\/div>\n<\/div>\n<\/div>\n<\/div>\n<\/div>\n<\/section>\n<section>\n<div class=\"c-sec_bg \">\n<div class=\"c-we_can\">\n<div class=\"c-bg_strip\"><\/div>\n<div class=\"container c-we_can_text\">\n<div class=\"row\">\n<h2>Sobre la Publicidad Exterior<\/h2>\n<div style=\"text-align: justify !important; font-size: 15px; padding: 20px;\">La publicidad exterior es una de las formas de comunicaci\u00f3n m\u00e1s primitivas del hombre. Desde los antiguos obeliscos egipcios (1.520 A.C.) hasta los postes de barbero de las ciudades europeas (1.170 D.C.). Su desarrollo experimenta la primera revoluci\u00f3n tecnol\u00f3gica con la aparici\u00f3n de la imprenta (1.450). En 1.796 empiezan a aparecer los primeros carteles o posters y les siguen las estructuras construidas al lado de carreteras de alto tr\u00e1nsito. En Costa Rica no hay una fecha que pueda tomarse como punto de partida de la publicidad exterior. Hay r\u00f3tulos de locales comerciales documentados en 1.858 y algunas estructuras de gran tama\u00f1o en la primera mitad del siglo XX. El momento de explosi\u00f3n de la publicidad exterior en el pa\u00eds se da en 1937 con la creaci\u00f3n de la primera empresa fabricante de r\u00f3tulos de ne\u00f3n, seguida en 1966 con la fundaci\u00f3n de la primera empresa de vallas. Hoy d\u00eda la publicidad exterior se define como el conjunto de formatos que se dirigen a un p\u00fablico indeterminado que se encuentran fuera de la casa.<\/div>\n<\/div>\n<\/div>\n<\/div>\n<\/div>\n<\/section>\n<section>\n<div class=\"c-sec_bg \">\n<div id=\"c-already_earn\" class=\"c-already_earn wow fadeIn\" style=\"visibility: visible; animation-duration: 1.5s; animation-name: fadeIn;\" data-wow-duration=\"1.5s\">\n<div class=\"c-bg_strip\"><\/div>\n<div class=\"container\">\n<div class=\"row clearfix\">\n<div class=\"col-lg-7 col-md-7 col-sm-7 col-xs-12 pull-right\">\n<div class=\"row\">\n<header class=\"c-section_header\">\n<h2>\u00bfQui\u00e9nes Somos?<\/h2>\n<\/header>\n<div class=\"c-earning_detail\" style=\"font-size: 15px; text-align: justify;\">La C\u00e1mara de Publicidad Exterior (CAPEX) es una asociaci\u00f3n de empresarios dedicados a la publicidad exterior en Costa Rica. Naci\u00f3 en 1.996 ante la necesidad de conciliar con las autoridades regulaciones que permitieran el ejercicio de la actividad, de una manera ordenada y consecuente con los principios de libertad de expresi\u00f3n y empresarial.<\/div>\n<\/div>\n<\/div>\n<div class=\"col-lg-5 col-md-5 col-sm-5 col-xs-12\">\n<div class=\"row\" style=\"margin-right: -91px; margin-left: 63px;\"><img class=\"img-responsive\" style=\"max-width: 70%;\" src=\"wp-content\/uploads\/2017\/11\/quienes_somos.jpg\" alt=\"\"><\/div>\n<\/div>\n<\/div>\n<\/div>\n<\/div>\n<\/div>\n<\/section>\n<div class=\"wow fadeIn c-services_new\" data-wow-duration=\"1.5s\">\n<div class=\"c-services c-section\">\n<div class=\"container\">\n<div class=\"row\">\n<h2 class=\"wow fadeInUp\" data-wow-duration=\"0.5s\">Nuestros Servicios<\/h2>\n<\/div>\n<div id=\"c-services\" class=\"row clearfix\">\n<div>\n<p><img loading=\"lazy\" class=\"alignnone size-medium wp-image-836\" src=\"http:\/\/capex.or.cr\/inicio\/wp-content\/uploads\/2017\/11\/capacitacion-300x213.jpg\" alt=\"\" width=\"300\" height=\"213\" srcset=\"https:\/\/capex.or.cr\/inicio\/wp-content\/uploads\/2017\/11\/capacitacion-300x213.jpg 300w, https:\/\/capex.or.cr\/inicio\/wp-content\/uploads\/2017\/11\/capacitacion.jpg 360w\" sizes=\"(max-width: 300px) 100vw, 300px\" \/><\/p>\n<div class=\"c-service_info\"><a>Capacitaci\u00f3n<\/a><\/div>\n<\/div>\n<div>\n<p><img loading=\"lazy\" class=\"alignnone size-medium wp-image-834\" src=\"http:\/\/capex.or.cr\/inicio\/wp-content\/uploads\/2017\/11\/alianzas-300x213.jpg\" alt=\"\" width=\"300\" height=\"213\" srcset=\"https:\/\/capex.or.cr\/inicio\/wp-content\/uploads\/2017\/11\/alianzas-300x213.jpg 300w, https:\/\/capex.or.cr\/inicio\/wp-content\/uploads\/2017\/11\/alianzas.jpg 360w\" sizes=\"(max-width: 300px) 100vw, 300px\" \/><\/p>\n<div class=\"c-service_info\"><a>Alianzas<\/a><\/div>\n<\/div>\n<div>\n<p><img loading=\"lazy\" class=\"alignnone size-medium wp-image-835\" src=\"http:\/\/capex.or.cr\/inicio\/wp-content\/uploads\/2017\/11\/asesoria-300x213.jpg\" alt=\"\" width=\"300\" height=\"213\" srcset=\"https:\/\/capex.or.cr\/inicio\/wp-content\/uploads\/2017\/11\/asesoria-300x213.jpg 300w, https:\/\/capex.or.cr\/inicio\/wp-content\/uploads\/2017\/11\/asesoria.jpg 360w\" sizes=\"(max-width: 300px) 100vw, 300px\" \/><\/p>\n<div class=\"c-service_info\"><a>Asesor\u00eda<\/a><\/div>\n<\/div>\n<\/div>\n<\/div>\n<\/div>\n<\/div>\n<div class=\"c-service_nav\"><\/div>\n<header id=\"c-section_header\" class=\"c-section_header\">\n<div class=\"c-blank_strip\" style=\"width: 42px;\"><\/div>\n<div class=\"container\">\n<div class=\"row\">\n<h2>Nuestros Asociados<\/h2>\n<\/div>\n<\/div>\n<\/header>\n<div id=\"c-client_logos\" class=\"c-client_logos\">\n<div class=\"container\">\n<div class=\"row \">\n<div id=\"c-client_logo_list\" class=\"c-client_logo_list\">\n<div><a href=\"#\"><img src=\"wp-content\/uploads\/2015\/12\/IMC.png\" alt=\"\"><\/a><\/div>\n<div><a href=\"#\"><img src=\"wp-content\/uploads\/2016\/01\/industriaspanorama.png\" alt=\"\"><\/a><\/div>\n<div><a href=\"#\"><img src=\"wp-content\/uploads\/2016\/01\/logogpovallas.png\" alt=\"\"><\/a><\/div>\n<div><a href=\"#\"><img src=\"wp-content\/uploads\/2017\/11\/logo-grupo-pol-bco.png\" alt=\"\"><\/a><\/div>\n<div><a href=\"#\"><img src=\"wp-content\/uploads\/2015\/12\/neonnieto.png\" alt=\"\"><\/a><\/div>\n<div><a href=\"#\"><img src=\"wp-content\/uploads\/2017\/11\/kavial.png\" alt=\"\"><\/a><\/div>\n<div><a href=\"#\"><img src=\"wp-content\/uploads\/2020\/09\/jcdecaux1.png\" alt=\"\"><\/a><\/div>\n<div><a href=\"#\"><img src=\"wp-content\/uploads\/2017\/11\/publigrafix.png\" alt=\"\"><\/a><\/div>\n<div><a href=\"#\"><img src=\"wp-content\/uploads\/2020\/09\/publicarteles.jpg\" alt=\"\"><\/a><\/div>\n<\/div>\n<div class=\"c-review_nav\"><\/div>\n<\/div>\n<\/div>\n<\/div>\n","protected":false},"excerpt":{"rendered":"<p>Nuestra Historia Capex naci\u00f3 en 1996. Dedicados a la publicidad exterior en Costa Rica. Promueve, desarrolla y protege los intereses de sus asociados y la imagen de la publicidad exterior. Servicios Ofrecidos Capacitaci\u00f3n. Alianzas. Asesor\u00eda. Cont\u00e1ctenos Tel\u00e9fono: +506-2297-5850 Email: info@capex.or.cr Apartado Postal: 11865-1000 Sobre la Publicidad Exterior La publicidad exterior es una de las formas&#8230;<\/p>\n","protected":false},"author":1,"featured_media":0,"parent":0,"menu_order":0,"comment_status":"closed","ping_status":"closed","template":"page-template\/template-home.php","meta":[],"_links":{"self":[{"href":"https:\/\/capex.or.cr\/inicio\/wp-json\/wp\/v2\/pages\/2"}],"collection":[{"href":"https:\/\/capex.or.cr\/inicio\/wp-json\/wp\/v2\/pages"}],"about":[{"href":"https:\/\/capex.or.cr\/inicio\/wp-json\/wp\/v2\/types\/page"}],"author":[{"embeddable":true,"href":"https:\/\/capex.or.cr\/inicio\/wp-json\/wp\/v2\/users\/1"}],"replies":[{"embeddable":true,"href":"https:\/\/capex.or.cr\/inicio\/wp-json\/wp\/v2\/comments?post=2"}],"version-history":[{"count":19,"href":"https:\/\/capex.or.cr\/inicio\/wp-json\/wp\/v2\/pages\/2\/revisions"}],"predecessor-version":[{"id":899,"href":"https:\/\/capex.or.cr\/inicio\/wp-json\/wp\/v2\/pages\/2\/revisions\/899"}],"wp:attachment":[{"href":"https:\/\/capex.or.cr\/inicio\/wp-json\/wp\/v2\/media?parent=2"}],"curies":[{"name":"wp","href":"https:\/\/api.w.org\/{rel}","templated":true}]}}