{"id":891,"date":"2020-09-02T09:53:08","date_gmt":"2020-09-02T15:53:08","guid":{"rendered":"https:\/\/capex.or.cr\/inicio\/?page_id=891"},"modified":"2020-09-02T09:53:09","modified_gmt":"2020-09-02T15:53:09","slug":"junta-directiva-2019-2021","status":"publish","type":"page","link":"https:\/\/capex.or.cr\/inicio\/junta-directiva-2019-2021\/","title":{"rendered":"Junta Directiva 2019-2021"},"content":{"rendered":"<p><strong>Presidenta<\/strong><br \/>\nMar\u00eda Soledad Guerra Restrepo<\/p>\n<p><strong>Vicepresidente<\/strong><br \/>\nLuis Javier Castro Lachner<\/p>\n<p><strong>Secretario<\/strong><br \/>\nV\u00edctor M\u00e9ndez Salas<\/p>\n<p><strong>Subsecretaria<\/strong><br \/>\nGeoconda Quir\u00f3s Go\u00f1i<\/p>\n<p><strong>Tesorero<\/strong><br \/>\nGreivin V\u00edquez C\u00e9spede<\/p>\n<p><strong>Vocal 1<\/strong><br \/>\nAlejandro Hidalgo S\u00e1nchez<\/p>\n<p><strong>Vocal 2<\/strong><br \/>\nOscar Badilla V\u00edquez<\/p>\n<p><strong>Fiscal<\/strong><br \/>\nAndr\u00e9s Hoffman de Pass<\/p>\n","protected":false},"excerpt":{"rendered":"<p>Presidenta Mar\u00eda Soledad Guerra Restrepo Vicepresidente Luis Javier Castro Lachner Secretario V\u00edctor M\u00e9ndez Salas Subsecretaria Geoconda Quir\u00f3s Go\u00f1i Tesorero Greivin V\u00edquez C\u00e9spede Vocal 1 Alejandro Hidalgo S\u00e1nchez Vocal 2 Oscar Badilla V\u00edquez Fiscal Andr\u00e9s Hoffman de Pass<\/p>\n","protected":false},"author":1,"featured_media":0,"parent":0,"menu_order":0,"comment_status":"closed","ping_status":"closed","template":"","meta":[],"_links":{"self":[{"href":"https:\/\/capex.or.cr\/inicio\/wp-json\/wp\/v2\/pages\/891"}],"collection":[{"href":"https:\/\/capex.or.cr\/inicio\/wp-json\/wp\/v2\/pages"}],"about":[{"href":"https:\/\/capex.or.cr\/inicio\/wp-json\/wp\/v2\/types\/page"}],"author":[{"embeddable":true,"href":"https:\/\/capex.or.cr\/inicio\/wp-json\/wp\/v2\/users\/1"}],"replies":[{"embeddable":true,"href":"https:\/\/capex.or.cr\/inicio\/wp-json\/wp\/v2\/comments?post=891"}],"version-history":[{"count":1,"href":"https:\/\/capex.or.cr\/inicio\/wp-json\/wp\/v2\/pages\/891\/revisions"}],"predecessor-version":[{"id":892,"href":"https:\/\/capex.or.cr\/inicio\/wp-json\/wp\/v2\/pages\/891\/revisions\/892"}],"wp:attachment":[{"href":"https:\/\/capex.or.cr\/inicio\/wp-json\/wp\/v2\/media?parent=891"}],"curies":[{"name":"wp","href":"https:\/\/api.w.org\/{rel}","templated":true}]}}

<p><strong>Presidenta</strong><br />
María Soledad Guerra Restrepo</p>
<p><strong>Vicepresidente</strong><br />
Luis Javier Castro Lachner</p>
<p><strong>Secretario</strong><br />
Víctor Méndez Salas</p>
<p><strong>Subsecretaria</strong><br />
Geoconda Quirós Goñi</p>
<p><strong>Tesorero</strong><br />
Greivin Víquez Céspede</p>
<p><strong>Vocal 1</strong><br />
Alejandro Hidalgo Sánchez</p>
<p><strong>Vocal 2</strong><br />
Oscar Badilla Víquez</p>
<p><strong>Fiscal</strong><br />
Andrés Hoffman de Pass</p>

<p>Presidenta María Soledad Guerra Restrepo Vicepresidente Luis Javier Castro Lachner Secretario Víctor Méndez Salas Subsecretaria Geoconda Quirós Goñi Tesorero Greivin Víquez Céspede Vocal 1 Alejandro Hidalgo Sánchez Vocal 2 Oscar Badilla Víquez Fiscal Andrés Hoffman de Pass</p>
